 by 22?
9
What is the remainder when 245433 is divided by 61237?
485
Calculate the remainder when 109049 is divided by 122.
103
What is the remainder when 10892 is divided by 29?
17
Calculate the remainder when 27028069 is divided by 3610.
3609
What is the remainder when 240043 is divided by 7492?
299
Calculate the remainder when 195752 is divided by 152.
128
What is the remainder when 3101956 is divided by 81626?
168
Calculate the remainder when 292531 is divided by 145488.
1555
Calculate the remainder when 6377607 is divided by 252.
243
What is the remainder when 233589 is divided by 10139?
392
Calculate the remainder when 6132073 is divided by 2044004.
61
What is the remainder when 14378724 is divided by 38?
18
Calculate the remainder when 697522 is divided by 225.
22
What is the remainder when 11882 is divided by 2974?
2960
Calculate the remainder when 30678333 is divided by 468.
465
What is the remainder when 28880 is divided by 28372?
508
What is the remainder when 1898405 is divided by 237271?
237
What is the remainder when 2833110 is divided by 38?
20
Calculate the remainder when 271885123 is divided by 379.
377
What is the remainder when 25304650 is divided by 645?
10
What is the remainder when 6199034 is divided by 116?
110
Calculate the remainder when 402105 is divided by 502.
3
What is the remainder when 71185 is divided by 527?
40
What is the remainder when 25398157 is divided by 26?
5
What is the remainder when 11022538 is divided by 9102?
16
Calculate the remainder when 464761 is divided by 4074.
325
What is the remainder when 13907582 is divided by 595?
52
Calculate the remainder when 26521459 is divided by 1178.
1145
What is the remainder when 430860 is divided by 1788?
1740
Calculate the remainder when 180853 is divided by 2580.
253
What is the remainder when 37854 is divided by 956?
570
Calculate the remainder when 17630694 is divided by 2504.
30
Calculate the remainder when 368444 is divided by 67.
11
Calculate the remainder when 6150850 is divided by 4.
2
What is the remainder when 59881566 is divided by 26998?
2
Calculate the remainder when 2417879 is divided by 201485.
59
Calculate the remainder when 1200484 is divided by 70615.
29
What is the remainder when 2734440 is divided by 341805?
0
What is the remainder when 5005322 is divided by 1251321?
38
What is the remainder when 407771147 is divided by 50?
47
Calculate the remainder when 94768 is divided by 7197.
1207
What is the remainder when 828660 is divided by 48738?
114
Calculate the remainder when 71516 is divided by 7097.
546
Calculate the remainder when 6847688 is divided by 760854.
2
Calculate the remainder when 1069277 is divided by 12729.
41
Calculate the remainder when 8327603 is divided by 690.
683
What is the remainder when 383840 is divided by 95804?
624
What is the remainder when 686734 is divided by 686715?
19
What is the remainder when 1116410 is divided by 136?
122
Calculate the remainder when 12936087 is divided by 106.
59
Calculate the remainder when 4848883 is divided by 3006.
205
What is the remainder when 31403140 is divided by 3?
1
Calculate the remainder when 1422533 is divided by 12.
5
Calculate the remainder when 51198748 is divided by 10.
8
What is the remainder when 10860121 is divided by 65?
51
Calculate the remainder when 1207366 is divided by 603679.
8
What is the remainder when 611285 is divided by 856?
101
What is the remainder when 1424163 is divided by 15650?
13
Calculate the remainder when 101416 is divided by 557.
42
What is the remainder when 2154681 is divided by 143645?
6
What is the remainder when 17119818 is divided by 291?
288
What is the remainder when 122727 is divided by 17480?
367
What is the remainder when 442315 is divided by 4659?
4369
What is the remainder when 4110209 is divided by 3513?
3512
What is the remainder when 529775 is divided by 2154?
2045
Calculate the remainder when 482238 is divided by 7419.
3
Calculate the remainder when 12746260 is divided by 76.
72
Calculate the remainder when 38103966 is divided by 175.
166
Calculate the remainder when 74531 is divided by 3952.
3395
What is the remainder when 170660950 is divided by 1674?
1672
Calculate the remainder when 2542629 is divided by 15.
9
Calculate the remainder when 7617673 is divided by 130.
63
Calculate the remainder when 589302 is divided by 9988.
10
Calculate the remainder when 67117432 is divided by 11.
8
What is the remainder when 4368199 is divided by 26314?
75
Calculate the remainder when 128320 is divided by 127423.
897
What is the remainder when 821537 is divided by 213?
209
Calculate the remainder when 1634677 is divided by 1996.
1949
Calculate the remainder when 63431622 is divided by 26.
20
Calculate the remainder when 65765 is divided by 31164.
3437
What is the remainder when 357899 is divided by 118805?
1484
Calculate the remainder when 2966212 is divided by 35287.
2104
Calculate the remainder when 32793 is divided by 6187.
1858
What is the remainder when 276046 is divided by 71?
69
What is the remainder when 89711 is divided by 22387?
163
What is the remainder when 208437 is divided by 227?
51
Calculate the remainder when 160398 is divided by 7579.
1239
Calculate the remainder when 18659810 is divided by 648.
2
Calculate the remainder when 139742 is divided by 162.
98
What is the remainder when 278585 is divided by 2556?
2537
What is the remainder when 427369 is divided by 142449?
22
Calculate the remainder when 31409 is divided by 5225.
59
Calculate the remainder when 1034228 is divided by 1178.
1122
Calculate the remainder when 172592011 is divided by 37.
35
Calculate the remainder when 43047208 is divided by 48.
40
Calculate the remainder when 926131 is divided by 1554.
1501
Calculate the remainder when 2776767 is divided by 2776763.
4
Calculate the remainder when 4192164 is divided by 3270.
24
What is the remainder when 2466595 is divided by 5151?
4417
What is the remainder when 12859 is divided by 348?
331
What is the remainder when 1177780 is divided by 861?
793
Calculate the remainder when 6184038 is divided by 9754.
2
What is the remainder when 48327487 is divided by 1850?
1787
Calculate the remainder when 11730 is divided by 7863.
3867
Calculate the remainder when 3536492 is divided by 4071.
2864
Calculate the remainder when 344515350 is divided by 9.
3
Calculate the remainder when 209823 is divided by 833.
740
What is the remainder when 2319448 is divided by 1150?
1048
What is the remainder when 11143 is divided by 302?
271
What is the remainder when 602450 is divided by 1699?
1004
What is the remainder when 51395530 is divided by 4092?
10
Calculate the remainder when 771760 is divided by 172.
168
What is the remainder when 1130981 is divided by 952?
5
Calculate the remainder when 1816734 is divided by 329.
325
Calculate the remainder when 175954859 is divided by 16.
11
What is the remainder when 37956761 is divided by 18978374?
13
Calculate the remainder when 4093496 is divided by 5035.
41
Calculate the remainder when 22704 is divided by 46.
26
What is the remainder when 36547 is divided by 4009?
466
What is the remainder when 59290 is divided by 3476?
198
Calculate the remainder when 274439 is divided by 2018.
2009
What is the remainder when 347861 is divided by 347775?
86
Calculate the remainder when 7389297 is divided by 28.
13
Calculate the remainder when 19698102 is divided by 312668.
18
Calculate the remainder when 2127055 is divided by 118.
105
Calculate the remainder when 1199120 is divided by 13.
0
What is the remainder when 994551 is divided by 66?
63
Calculate the remainder when 95728 is divided by 31694.
646
What is the remainder when 32768537 is divided by 4046?
4029
Calculate the remainder when 280319 is divided by 16489.
6
What is the remainder when 2370950 is divided by 592736?
6
What is the remainder when 42344 is divided by 643?
549
Calculate the remainder when 5133829 is divided by 26463.
7
Calculate the remainder when 32596611 is divided by 20.
11
What is the remainder when 329903 is divided by 109674?
881
What is the remainder when 308514 is divided by 557?
493
Calculate the remainder when 5488254 is divided by 71.
25
What is the remainder when 70031 is divided by 547?
15
Calculate the remainder when 3103